[INFO] fetching crate gfx_pipeline 0.3.0...
[INFO] checking gfx_pipeline-0.3.0 against master#af3c6e733a40e671550e0f0f5aeecaa13772ba56 for pr-74989
[INFO] extracting crate gfx_pipeline 0.3.0 into /workspace/builds/worker-4/source
[INFO] validating manifest of crates.io crate gfx_pipeline 0.3.0 on toolchain af3c6e733a40e671550e0f0f5aeecaa13772ba56
[INFO] running `Command { std: "/workspace/cargo-home/bin/cargo" "+af3c6e733a40e671550e0f0f5aeecaa13772ba56" "read-manifest" "--manifest-path" "Cargo.toml", kill_on_drop: false }`
[INFO] started tweaking crates.io crate gfx_pipeline 0.3.0
[INFO] finished tweaking crates.io crate gfx_pipeline 0.3.0
[INFO] tweaked toml for crates.io crate gfx_pipeline 0.3.0 written to /workspace/builds/worker-4/source/Cargo.toml
[INFO] running `Command { std: "/workspace/cargo-home/bin/cargo" "+af3c6e733a40e671550e0f0f5aeecaa13772ba56" "generate-lockfile" "--manifest-path" "Cargo.toml" "-Zno-index-update", kill_on_drop: false }`
[INFO] running `Command { std: "/workspace/cargo-home/bin/cargo" "+af3c6e733a40e671550e0f0f5aeecaa13772ba56" "fetch" "--locked" "--manifest-path" "Cargo.toml", kill_on_drop: false }`
[INFO] running `Command { std: "docker" "create" "-v" "/var/lib/crater-agent-workspace/builds/worker-4/target:/opt/rustwide/target:rw,Z" "-v" "/var/lib/crater-agent-workspace/builds/worker-4/source:/opt/rustwide/workdir:ro,Z" "-v" "/var/lib/crater-agent-workspace/cargo-home:/opt/rustwide/cargo-home:ro,Z" "-v" "/var/lib/crater-agent-workspace/rustup-home:/opt/rustwide/rustup-home:ro,Z" "-e" "SOURCE_DIR=/opt/rustwide/workdir" "-e" "CARGO_TARGET_DIR=/opt/rustwide/target" "-e" "CARGO_HOME=/opt/rustwide/cargo-home" "-e" "RUSTUP_HOME=/opt/rustwide/rustup-home" "-w" "/opt/rustwide/workdir" "-m" "1610612736" "--user" "0:0" "--network" "none" "rustops/crates-build-env@sha256:d92eaeed33fa75130ca1ee6c8a01d1ffb62bac859dfdfb3450e3e5d1c0146529" "/opt/rustwide/cargo-home/bin/cargo" "+af3c6e733a40e671550e0f0f5aeecaa13772ba56" "metadata" "--no-deps" "--format-version=1", kill_on_drop: false }`
[INFO] [stdout] 91045010f6b1dba56ee37c120c81cde63b70641e77be37b044fd2286777ab56c
[INFO] [stderr] WARNING: Your kernel does not support swap limit capabilities or the cgroup is not mounted. Memory limited without swap.
[INFO] running `Command { std: "docker" "start" "-a" "91045010f6b1dba56ee37c120c81cde63b70641e77be37b044fd2286777ab56c", kill_on_drop: false }`
[INFO] running `Command { std: "docker" "inspect" "91045010f6b1dba56ee37c120c81cde63b70641e77be37b044fd2286777ab56c", kill_on_drop: false }`
[INFO] running `Command { std: "docker" "rm" "-f" "91045010f6b1dba56ee37c120c81cde63b70641e77be37b044fd2286777ab56c", kill_on_drop: false }`
[INFO] [stdout] 91045010f6b1dba56ee37c120c81cde63b70641e77be37b044fd2286777ab56c
[INFO] running `Command { std: "docker" "create" "-v" "/var/lib/crater-agent-workspace/builds/worker-4/target:/opt/rustwide/target:rw,Z" "-v" "/var/lib/crater-agent-workspace/builds/worker-4/source:/opt/rustwide/workdir:ro,Z" "-v" "/var/lib/crater-agent-workspace/cargo-home:/opt/rustwide/cargo-home:ro,Z" "-v" "/var/lib/crater-agent-workspace/rustup-home:/opt/rustwide/rustup-home:ro,Z" "-e" "SOURCE_DIR=/opt/rustwide/workdir" "-e" "CARGO_TARGET_DIR=/opt/rustwide/target" "-e" "CARGO_INCREMENTAL=0" "-e" "RUST_BACKTRACE=full" "-e" "RUSTFLAGS=--cap-lints=forbid" "-e" "CARGO_HOME=/opt/rustwide/cargo-home" "-e" "RUSTUP_HOME=/opt/rustwide/rustup-home" "-w" "/opt/rustwide/workdir" "-m" "1610612736" "--user" "0:0" "--network" "none" "rustops/crates-build-env@sha256:d92eaeed33fa75130ca1ee6c8a01d1ffb62bac859dfdfb3450e3e5d1c0146529" "/opt/rustwide/cargo-home/bin/cargo" "+af3c6e733a40e671550e0f0f5aeecaa13772ba56" "check" "--frozen" "--all" "--all-targets" "--message-format=json", kill_on_drop: false }`
[INFO] [stderr] WARNING: Your kernel does not support swap limit capabilities or the cgroup is not mounted. Memory limited without swap.
[INFO] [stdout] 5e79ff6e38951f4e8e177599ca62b20a176692a43f483c5a7023e174b4e47959
[INFO] running `Command { std: "docker" "start" "-a" "5e79ff6e38951f4e8e177599ca62b20a176692a43f483c5a7023e174b4e47959", kill_on_drop: false }`
[INFO] [stderr]    Compiling autocfg v1.0.1
[INFO] [stderr]    Compiling autocfg v0.1.7
[INFO] [stderr]    Compiling log v0.4.11
[INFO] [stderr]    Compiling libc v0.2.77
[INFO] [stderr]     Checking cfg-if v0.1.10
[INFO] [stderr]    Compiling bitflags v1.2.1
[INFO] [stderr]     Checking bitflags v0.2.1
[INFO] [stderr]    Compiling cgmath v0.17.0
[INFO] [stderr]     Checking clock_ticks v0.1.1
[INFO] [stderr]     Checking draw_queue v0.1.1
[INFO] [stderr]     Checking draw_state v0.1.2
[INFO] [stderr]    Compiling rand_chacha v0.1.1
[INFO] [stderr]    Compiling rand_pcg v0.1.2
[INFO] [stderr]    Compiling rand v0.6.5
[INFO] [stderr]    Compiling num-traits v0.2.12
[INFO] [stderr]    Compiling num-integer v0.1.43
[INFO] [stderr]    Compiling num-bigint v0.3.0
[INFO] [stderr]    Compiling num-iter v0.1.41
[INFO] [stderr]    Compiling num-rational v0.3.0
[INFO] [stderr]     Checking log v0.3.9
[INFO] [stderr]     Checking hprof v0.1.3
[INFO] [stderr]     Checking rand_os v0.1.3
[INFO] [stderr]     Checking num-complex v0.3.0
[INFO] [stderr]     Checking approx v0.3.2
[INFO] [stderr]     Checking num v0.3.0
[INFO] [stderr]     Checking gfx v0.6.5
[INFO] [stdout] error[E0658]: use of unstable library feature 'core_intrinsics': intrinsics are unlikely to ever be stabilized, instead they should be used through stabilized interfaces in the rest of the standard library
[INFO] [stdout]   --> /opt/rustwide/cargo-home/registry/src/github.com-1ecc6299db9ec823/gfx-0.6.5/src/device/draw.rs:58:19
[INFO] [stdout]    |
[INFO] [stdout] 58 |         use std::{intrinsics, mem};
[INFO] [stdout]    |                   ^^^^^^^^^^
[INFO] [stdout]    |
[INFO] [stdout]    = help: add `#![feature(core_intrinsics)]` to the crate attributes to enable
[INFO] [stdout] 
[INFO] [stdout] 
[INFO] [stdout] error[E0658]: use of unstable library feature 'core_intrinsics': intrinsics are unlikely to ever be stabilized, instead they should be used through stabilized interfaces in the rest of the standard library
[INFO] [stdout]   --> /opt/rustwide/cargo-home/registry/src/github.com-1ecc6299db9ec823/gfx-0.6.5/src/device/draw.rs:73:19
[INFO] [stdout]    |
[INFO] [stdout] 73 |         use std::{intrinsics, mem};
[INFO] [stdout]    |                   ^^^^^^^^^^
[INFO] [stdout]    |
[INFO] [stdout]    = help: add `#![feature(core_intrinsics)]` to the crate attributes to enable
[INFO] [stdout] 
[INFO] [stdout] 
[INFO] [stdout] error[E0277]: the size for values of type `Self` cannot be known at compilation time
[INFO] [stdout]    --> /opt/rustwide/cargo-home/registry/src/github.com-1ecc6299db9ec823/gfx-0.6.5/src/device/mapping.rs:134:24
[INFO] [stdout]     |
[INFO] [stdout] 34  | pub struct Readable<'a, T: Copy, R: 'a + Resources, F: 'a + Factory<R>> where
[INFO] [stdout]     |                                                     - required by this bound in `Readable`
[INFO] [stdout] ...
[INFO] [stdout] 134 |                     -> Readable<T, R, Self>;
[INFO] [stdout]     |                        ^^^^^^^^^^^^^^^^^^^^ doesn't have a size known at compile-time
[INFO] [stdout]     |
[INFO] [stdout] help: consider further restricting `Self`
[INFO] [stdout]     |
[INFO] [stdout] 134 |                     -> Readable<T, R, Self> where Self: Sized;
[INFO] [stdout]     |                                             ^^^^^^^^^^^^^^^^^
[INFO] [stdout] help: consider relaxing the implicit `Sized` restriction
[INFO] [stdout]     |
[INFO] [stdout] 34  | pub struct Readable<'a, T: Copy, R: 'a + Resources, F: 'a + Factory<R> + ?Sized> where
[INFO] [stdout]     |                                                                        ^^^^^^^^
[INFO] [stdout] 
[INFO] [stdout] 
[INFO] [stdout] error[E0277]: the trait bound `Self: Factory<R>` is not satisfied
[INFO] [stdout]    --> /opt/rustwide/cargo-home/registry/src/github.com-1ecc6299db9ec823/gfx-0.6.5/src/device/mapping.rs:134:24
[INFO] [stdout]     |
[INFO] [stdout] 34  | pub struct Readable<'a, T: Copy, R: 'a + Resources, F: 'a + Factory<R>> where
[INFO] [stdout]     |                                                             ---------- required by this bound in `Readable`
[INFO] [stdout] ...
[INFO] [stdout] 134 |                     -> Readable<T, R, Self>;
[INFO] [stdout]     |                        ^^^^^^^^^^^^^^^^^^^^ the trait `Factory<R>` is not implemented for `Self`
[INFO] [stdout]     |
[INFO] [stdout] help: consider further restricting `Self`
[INFO] [stdout]     |
[INFO] [stdout] 134 |                     -> Readable<T, R, Self> where Self: Factory<R>;
[INFO] [stdout]     |                                             ^^^^^^^^^^^^^^^^^^^^^^
[INFO] [stdout] 
[INFO] [stdout] 
[INFO] [stdout] error[E0277]: the size for values of type `Self` cannot be known at compilation time
[INFO] [stdout]    --> /opt/rustwide/cargo-home/registry/src/github.com-1ecc6299db9ec823/gfx-0.6.5/src/device/mapping.rs:136:24
[INFO] [stdout]     |
[INFO] [stdout] 62  | pub struct Writable<'a, T: Copy, R: 'a + Resources, F: 'a + Factory<R>> where
[INFO] [stdout]     |                                                     - required by this bound in `Writable`
[INFO] [stdout] ...
[INFO] [stdout] 136 |                     -> Writable<T, R, Self>;
[INFO] [stdout]     |                        ^^^^^^^^^^^^^^^^^^^^ doesn't have a size known at compile-time
[INFO] [stdout]     |
[INFO] [stdout] help: consider further restricting `Self`
[INFO] [stdout]     |
[INFO] [stdout] 136 |                     -> Writable<T, R, Self> where Self: Sized;
[INFO] [stdout]     |                                             ^^^^^^^^^^^^^^^^^
[INFO] [stdout] help: consider relaxing the implicit `Sized` restriction
[INFO] [stdout]     |
[INFO] [stdout] 62  | pub struct Writable<'a, T: Copy, R: 'a + Resources, F: 'a + Factory<R> + ?Sized> where
[INFO] [stdout]     |                                                                        ^^^^^^^^
[INFO] [stdout] 
[INFO] [stdout] 
[INFO] [stdout] error[E0277]: the trait bound `Self: Factory<R>` is not satisfied
[INFO] [stdout]    --> /opt/rustwide/cargo-home/registry/src/github.com-1ecc6299db9ec823/gfx-0.6.5/src/device/mapping.rs:136:24
[INFO] [stdout]     |
[INFO] [stdout] 62  | pub struct Writable<'a, T: Copy, R: 'a + Resources, F: 'a + Factory<R>> where
[INFO] [stdout]     |                                                             ---------- required by this bound in `Writable`
[INFO] [stdout] ...
[INFO] [stdout] 136 |                     -> Writable<T, R, Self>;
[INFO] [stdout]     |                        ^^^^^^^^^^^^^^^^^^^^ the trait `Factory<R>` is not implemented for `Self`
[INFO] [stdout]     |
[INFO] [stdout] help: consider further restricting `Self`
[INFO] [stdout]     |
[INFO] [stdout] 136 |                     -> Writable<T, R, Self> where Self: Factory<R>;
[INFO] [stdout]     |                                             ^^^^^^^^^^^^^^^^^^^^^^
[INFO] [stdout] 
[INFO] [stdout] 
[INFO] [stdout] error[E0277]: the size for values of type `Self` cannot be known at compilation time
[INFO] [stdout]    --> /opt/rustwide/cargo-home/registry/src/github.com-1ecc6299db9ec823/gfx-0.6.5/src/device/mapping.rs:138:26
[INFO] [stdout]     |
[INFO] [stdout] 92  | pub struct RW<'a, T: Copy, R: 'a + Resources, F: 'a + Factory<R>> where
[INFO] [stdout]     |                                               - required by this bound in `RW`
[INFO] [stdout] ...
[INFO] [stdout] 138 |                       -> RW<T, R, Self>;
[INFO] [stdout]     |                          ^^^^^^^^^^^^^^ doesn't have a size known at compile-time
[INFO] [stdout]     |
[INFO] [stdout] help: consider further restricting `Self`
[INFO] [stdout]     |
[INFO] [stdout] 138 |                       -> RW<T, R, Self> where Self: Sized;
[INFO] [stdout]     |                                         ^^^^^^^^^^^^^^^^^
[INFO] [stdout] help: consider relaxing the implicit `Sized` restriction
[INFO] [stdout]     |
[INFO] [stdout] 92  | pub struct RW<'a, T: Copy, R: 'a + Resources, F: 'a + Factory<R> + ?Sized> where
[INFO] [stdout]     |                                                                  ^^^^^^^^
[INFO] [stdout] 
[INFO] [stdout] 
[INFO] [stdout] error[E0277]: the trait bound `Self: Factory<R>` is not satisfied
[INFO] [stdout]    --> /opt/rustwide/cargo-home/registry/src/github.com-1ecc6299db9ec823/gfx-0.6.5/src/device/mapping.rs:138:26
[INFO] [stdout]     |
[INFO] [stdout] 92  | pub struct RW<'a, T: Copy, R: 'a + Resources, F: 'a + Factory<R>> where
[INFO] [stdout]     |                                                       ---------- required by this bound in `RW`
[INFO] [stdout] ...
[INFO] [stdout] 138 |                       -> RW<T, R, Self>;
[INFO] [stdout]     |                          ^^^^^^^^^^^^^^ the trait `Factory<R>` is not implemented for `Self`
[INFO] [stdout]     |
[INFO] [stdout] help: consider further restricting `Self`
[INFO] [stdout]     |
[INFO] [stdout] 138 |                       -> RW<T, R, Self> where Self: Factory<R>;
[INFO] [stdout]     |                                         ^^^^^^^^^^^^^^^^^^^^^^
[INFO] [stdout] 
[INFO] [stdout] 
[INFO] [stdout] error[E0277]: the size for values of type `Self` cannot be known at compilation time
[INFO] [stdout]    --> /opt/rustwide/cargo-home/registry/src/github.com-1ecc6299db9ec823/gfx-0.6.5/src/device/mod.rs:230:74
[INFO] [stdout]     |
[INFO] [stdout] 230 |     fn map_buffer_readable<T: Copy>(&mut self, &handle::Buffer<R, T>) -> mapping::Readable<T, R, Self>;
[INFO] [stdout]     |                                                                          ^^^^^^^^^^^^^^^^^^^^^^^^^^^^^ doesn't have a size known at compile-time
[INFO] [stdout]     | 
[INFO] [stdout]    ::: /opt/rustwide/cargo-home/registry/src/github.com-1ecc6299db9ec823/gfx-0.6.5/src/device/mapping.rs:34:53
[INFO] [stdout]     |
[INFO] [stdout] 34  | pub struct Readable<'a, T: Copy, R: 'a + Resources, F: 'a + Factory<R>> where
[INFO] [stdout]     |                                                     - required by this bound in `Readable`
[INFO] [stdout]     |
[INFO] [stdout] help: consider further restricting `Self`
[INFO] [stdout]     |
[INFO] [stdout] 230 |     fn map_buffer_readable<T: Copy>(&mut self, &handle::Buffer<R, T>) -> mapping::Readable<T, R, Self> where Self: Sized;
[INFO] [stdout]     |                                                                                                        ^^^^^^^^^^^^^^^^^
[INFO] [stdout] help: consider relaxing the implicit `Sized` restriction
[INFO] [stdout]     |
[INFO] [stdout] 34  | pub struct Readable<'a, T: Copy, R: 'a + Resources, F: 'a + Factory<R> + ?Sized> where
[INFO] [stdout]     |                                                                        ^^^^^^^^
[INFO] [stdout] 
[INFO] [stdout] 
[INFO] [stdout] error[E0277]: the size for values of type `Self` cannot be known at compilation time
[INFO] [stdout]    --> /opt/rustwide/cargo-home/registry/src/github.com-1ecc6299db9ec823/gfx-0.6.5/src/device/mod.rs:231:74
[INFO] [stdout]     |
[INFO] [stdout] 231 |     fn map_buffer_writable<T: Copy>(&mut self, &handle::Buffer<R, T>) -> mapping::Writable<T, R, Self>;
[INFO] [stdout]     |                                                                          ^^^^^^^^^^^^^^^^^^^^^^^^^^^^^ doesn't have a size known at compile-time
[INFO] [stdout]     | 
[INFO] [stdout]    ::: /opt/rustwide/cargo-home/registry/src/github.com-1ecc6299db9ec823/gfx-0.6.5/src/device/mapping.rs:62:53
[INFO] [stdout]     |
[INFO] [stdout] 62  | pub struct Writable<'a, T: Copy, R: 'a + Resources, F: 'a + Factory<R>> where
[INFO] [stdout]     |                                                     - required by this bound in `Writable`
[INFO] [stdout]     |
[INFO] [stdout] help: consider further restricting `Self`
[INFO] [stdout]     |
[INFO] [stdout] 231 |     fn map_buffer_writable<T: Copy>(&mut self, &handle::Buffer<R, T>) -> mapping::Writable<T, R, Self> where Self: Sized;
[INFO] [stdout]     |                                                                                                        ^^^^^^^^^^^^^^^^^
[INFO] [stdout] help: consider relaxing the implicit `Sized` restriction
[INFO] [stdout]     |
[INFO] [stdout] 62  | pub struct Writable<'a, T: Copy, R: 'a + Resources, F: 'a + Factory<R> + ?Sized> where
[INFO] [stdout]     |                                                                        ^^^^^^^^
[INFO] [stdout] 
[INFO] [stdout] 
[INFO] [stdout] error[E0277]: the size for values of type `Self` cannot be known at compilation time
[INFO] [stdout]    --> /opt/rustwide/cargo-home/registry/src/github.com-1ecc6299db9ec823/gfx-0.6.5/src/device/mod.rs:232:68
[INFO] [stdout]     |
[INFO] [stdout] 232 |     fn map_buffer_rw<T: Copy>(&mut self, &handle::Buffer<R, T>) -> mapping::RW<T, R, Self>;
[INFO] [stdout]     |                                                                    ^^^^^^^^^^^^^^^^^^^^^^^ doesn't have a size known at compile-time
[INFO] [stdout]     | 
[INFO] [stdout]    ::: /opt/rustwide/cargo-home/registry/src/github.com-1ecc6299db9ec823/gfx-0.6.5/src/device/mapping.rs:92:47
[INFO] [stdout]     |
[INFO] [stdout] 92  | pub struct RW<'a, T: Copy, R: 'a + Resources, F: 'a + Factory<R>> where
[INFO] [stdout]     |                                               - required by this bound in `RW`
[INFO] [stdout]     |
[INFO] [stdout] help: consider further restricting `Self`
[INFO] [stdout]     |
[INFO] [stdout] 232 |     fn map_buffer_rw<T: Copy>(&mut self, &handle::Buffer<R, T>) -> mapping::RW<T, R, Self> where Self: Sized;
[INFO] [stdout]     |                                                                                            ^^^^^^^^^^^^^^^^^
[INFO] [stdout] help: consider relaxing the implicit `Sized` restriction
[INFO] [stdout]     |
[INFO] [stdout] 92  | pub struct RW<'a, T: Copy, R: 'a + Resources, F: 'a + Factory<R> + ?Sized> where
[INFO] [stdout]     |                                                                  ^^^^^^^^
[INFO] [stdout] 
[INFO] [stdout] 
[INFO] [stdout] error[E0277]: the size for values of type `Self` cannot be known at compilation time
[INFO] [stdout]   --> /opt/rustwide/cargo-home/registry/src/github.com-1ecc6299db9ec823/gfx-0.6.5/src/render/mesh.rs:42:39
[INFO] [stdout]    |
[INFO] [stdout] 42 |     fn generate<R: Resources>(buffer: &handle::Buffer<R, Self>) -> Vec<Attribute<R>>;
[INFO] [stdout]    |                                       ^^^^^^^^^^^^^^^^^^^^^^^^ doesn't have a size known at compile-time
[INFO] [stdout]    | 
[INFO] [stdout]   ::: /opt/rustwide/cargo-home/registry/src/github.com-1ecc6299db9ec823/gfx-0.6.5/src/device/handle.rs:43:33
[INFO] [stdout]    |
[INFO] [stdout] 43 | pub struct Buffer<R: Resources, T> {
[INFO] [stdout]    |                                 - required by this bound in `Buffer`
[INFO] [stdout]    |
[INFO] [stdout] help: consider further restricting `Self`
[INFO] [stdout]    |
[INFO] [stdout] 42 |     fn generate<R: Resources>(buffer: &handle::Buffer<R, Self>) -> Vec<Attribute<R>> where Self: Sized;
[INFO] [stdout]    |                                                                                      ^^^^^^^^^^^^^^^^^
[INFO] [stdout] help: consider relaxing the implicit `Sized` restriction
[INFO] [stdout]    |
[INFO] [stdout] 43 | pub struct Buffer<R: Resources, T: ?Sized> {
[INFO] [stdout]    |                                  ^^^^^^^^
[INFO] [stdout] 
[INFO] [stdout] 
[INFO] [stdout] error: aborting due to 12 previous errors
[INFO] [stdout] 
[INFO] [stdout] 
[INFO] [stdout] Some errors have detailed explanations: E0277, E0658.
[INFO] [stdout] 
[INFO] [stdout] For more information about an error, try `rustc --explain E0277`.
[INFO] [stdout] 
[INFO] [stderr] error: could not compile `gfx`.
[INFO] [stderr] 
[INFO] [stderr] To learn more, run the command again with --verbose.
[INFO] [stderr] warning: build failed, waiting for other jobs to finish...
[INFO] [stderr] error: build failed
[INFO] running `Command { std: "docker" "inspect" "5e79ff6e38951f4e8e177599ca62b20a176692a43f483c5a7023e174b4e47959", kill_on_drop: false }`
[INFO] running `Command { std: "docker" "rm" "-f" "5e79ff6e38951f4e8e177599ca62b20a176692a43f483c5a7023e174b4e47959", kill_on_drop: false }`
[INFO] [stdout] 5e79ff6e38951f4e8e177599ca62b20a176692a43f483c5a7023e174b4e47959
